91.
323
Calculate the greatest common factor of 39 and 11947.
13
Calculate the greatest common factor of 3315 and 34680.
255
Calculate the highest common divisor of 616879 and 323.
17
What is the highest common factor of 184 and 644?
92
What is the greatest common divisor of 6718 and 250?
2
Calculate the highest common factor of 199954 and 34.
34
What is the highest common factor of 81 and 53919?
27
Calculate the greatest common factor of 2477 and 5.
1
Calculate the greatest common divisor of 22 and 368786.
22
Calculate the highest common divisor of 176967 and 35.
7
What is the highest common divisor of 1024 and 15296?
64
What is the highest common factor of 52 and 14060?
4
Calculate the greatest common divisor of 188680 and 16.
8
What is the greatest common factor of 230475 and 10536?
1317
Calculate the highest common divisor of 1991 and 3077.
181
What is the highest common divisor of 408 and 576552?
24
Calculate the highest common divisor of 210124 and 524.
524
Calculate the highest common divisor of 857742 and 708.
354
Calculate the greatest common divisor of 737 and 2134.
11
What is the greatest common factor of 171847 and 403?
13
What is the highest common factor of 8424 and 621?
27
Calculate the highest common divisor of 122384 and 176.
16
Calculate the highest common divisor of 879234 and 2.
2
Calculate the greatest common divisor of 6 and 50211.
3
What is the highest common divisor of 24888 and 38250?
102
Calculate the greatest common factor of 68068 and 3432.
572
What is the greatest common factor of 5194 and 583?
53
Calculate the greatest common divisor of 1406 and 444999.
703
What is the greatest common factor of 2673 and 2937?
33
What is the highest common factor of 1538818 and 922?
922
Calculate the greatest common divisor of 5563521 and 982.
491
What is the highest common divisor of 7444 and 36?
4
Calculate the greatest common factor of 948 and 1074716.
316
Calculate the greatest common factor of 79475 and 170.
85
What is the highest common divisor of 83583 and 777?
111
What is the highest common factor of 2382 and 504190?
794
What is the highest common factor of 54511 and 95?
19
Calculate the greatest common divisor of 30760 and 120.
40
Calculate the greatest common factor of 3295168 and 192.
64
What is the highest common divisor of 102 and 274108?
34
Calculate the highest common divisor of 8874 and 44217.
153
Calculate the greatest common factor of 176295 and 11592.
483
What is the greatest common divisor of 5049 and 3753?
27
Calculate the highest common divisor of 130724 and 44.
44
Calculate the highest common factor of 26 and 165334.
26
What is the highest common divisor of 6688 and 17?
1
Calculate the highest common divisor of 25920 and 378.
54
What is the greatest common divisor of 274703 and 52?
13
What is the greatest common divisor of 9765 and 9331?
217
What is the highest common divisor of 1422 and 3139776?
1422
Calculate the greatest common factor of 18843 and 627.
33
What is the highest common factor of 58 and 1790518?
58
What is the highest common divisor of 1715 and 408275?
35
Calculate the greatest common factor of 4160 and 8640.
320
What is the greatest common factor of 1101 and 370303?
367
What is the highest common divisor of 99372 and 5408?
676
Calculate the highest common factor of 148 and 27121.
37
What is the highest common divisor of 19072 and 384?
128
What is the highest common divisor of 216468 and 24?
12
What is the highest common divisor of 45 and 34605?
45
Calculate the greatest common factor of 2970 and 121473.
297
Calculate the greatest common divisor of 2085 and 922265.
695
Calculate the greatest common divisor of 188 and 261508.
188
What is the greatest common factor of 2286 and 264414?
762
What is the highest common divisor of 21318 and 83809?
209
Calculate the highest common divisor of 249738 and 5057.
389
What is the greatest common factor of 12 and 14772?
12
Calculate the greatest common factor of 4 and 161108.
4
What is the highest common factor of 36980 and 140?
20
Calculate the greatest common divisor of 804 and 1348.
4
What is the highest common divisor of 101885 and 119?
7
What is the highest common factor of 816498 and 36?
18
What is the highest common divisor of 463300 and 5125?
1025
Calculate the highest common divisor of 83 and 2726799.
83
What is the highest common divisor of 26607 and 74391?
543
What is the highest common factor of 27 and 3599667?
27
Calculate the highest common factor of 96 and 12216.
24
What is the greatest common factor of 23046 and 77822?
334
What is the highest common factor of 47718 and 4950?
198
What is the greatest common factor of 54 and 561834?
18
What is the greatest common factor of 375 and 46625?
125
What is the greatest common factor of 36950 and 90?
10
What is the highest common factor of 10249 and 33707?
37
Calculate the highest common divisor of 410 and 438085.
205
Calculate the greatest common divisor of 10335989 and 31.
31
Calculate the highest common divisor of 194 and 384217.
97
What is the highest common divisor of 2798999 and 119?
119
What is the greatest common divisor of 42790 and 550?
110
What is the highest common factor of 975 and 1305?
15
Calculate the highest common divisor of 40464 and 432.
144
What is the greatest common divisor of 3548 and 4?
4
What is the highest common factor of 34091 and 73?
73
What is the greatest common divisor of 2490 and 219369?
249
Calculate the highest common divisor of 14 and 695940.
14
Calculate the greatest common factor of 166580 and 40.
20
Calculate the greatest common factor of 17440 and 55590.
1090
What is the highest common factor of 80 and 7224?
8
Calculate the greatest common factor of 401483 and 1067.
97
Calculate the highest common divisor of 18 and 225210.
6
What is the highest common divisor of 10865 and 40?
5
What is the greatest common divisor of 2046 and 318494?
682
What is the highest common factor of 1984 and 3184?
16
Calculate the highest common factor of 86042 and 264.
22
What is the highest common divisor of 4744 and 32?
8
What is the highest common divisor of 28 and 1389416?
28
Calculate the highest common factor of 421184 and 8.
8
Calculate the highest common divisor of 16 and 1470096.
16
What is the greatest common factor of 2156 and 572?
44
What is the greatest common divisor of 2674 and 126?
14
Calculate the highest common divisor of 270728 and 258.
86
What is the greatest common divisor of 27360 and 5680?
80
Calculate the highest common factor of 19573 and 37.
37
Calculate the greatest common factor of 164265 and 173585.
1165
What is the highest common divisor of 487 and 288304?
487
Calculate the greatest common factor of 790 and 4582.
158
What is the highest common factor of 754 and 4321?
29
What is the highest common factor of 22607 and 91?
13
What is the highest common divisor of 689127 and 20648?
2581
Calculate the greatest common divisor of 1067 and 36569.
97
What is the highest common divisor of 138408 and 4266?
474
Calculate the greatest common divisor of 277453 and 121.
121
What is the highest common divisor of 53 and 718468?
53
What is the highest common factor of 245 and 13545?
35
Calculate the greatest common factor of 36040 and 2380.
340
Calculate the highest common divisor of 3817968 and 66.
66
Calculate the greatest common factor of 23 and 143819.
23
What is the greatest common divisor of 227683 and 223?
223
What is the greatest common divisor of 494 and 5399173?
247
What is the greatest common divisor of 165 and 86880?
15
What is the greatest common factor of 56210 and 1034?
22
What is the greatest common divisor of 171995 and 205?
205
What is the highest common factor of 66 and 27753?
33
Calculate the highest common factor of 6800 and 4352.
272
What is the greatest common factor of 2808 and 5877?
9
What is the greatest common divisor of 4 and 989?
1
Calculate the highest common divisor of 59849 and 194.
97
Calculate the greatest common factor of 3081 and 7347.
237
What is the greatest common divisor of 27144 and 2379?
39
Calculate the greatest common divisor of 1108211 and 13.
13
Calculate the greatest common factor of 46 and 1536308.
46
Calculate the highest common divisor of 185 and 205180.
5
Calculate the greatest common divisor of 14 and 182126.
14
Calculat